mmon divisor of 9 and k?
9
Suppose -3*t + 2070 = 5*z, -23*t + 5*z = -13*t - 6770. Let c(m) = -6*m**3 - 2*m**2. Let r be c(-2). Calculate the highest common divisor of r and t.
40
Suppose 3*v = 5*f + 584, 7*f = -4*v + 4*f + 798. Suppose 8*c = 3*c + 3*k + 275, -4*c + v = 2*k. What is the highest common factor of c and 468?
52
Suppose -4*c - m + 1762 = 0, -8*c = -3*c + 4*m - 2208. Suppose -3*d + 8*d = c. Let v be (-32)/72*6*-3. What is the highest common factor of d and v?
8
Let f be 4*(-1)/8 + (-217)/(-2). Suppose -46 = -4*k + 2*i - 10, 3*i + 33 = 3*k. Suppose g = k*g - f. What is the highest common factor of 9 and g?
9
Suppose 0 = -3*g + 65 + 49. Suppose 0 = 4*a + 2 + g. Let b be (-56)/a - 20/(-50). Calculate the highest common factor of 12 and b.
6
Let o(j) = -j**2 + 18*j + 134. Let f be o(24). Let g(u) = u**3 + 15*u**2 + 25*u - 16. Let b be g(f). What is the highest common divisor of b and 54?
18
Suppose 4*s + 2*a + 113 = 7*s, -5*s = -a - 179. Suppose -6*j - s = -13*j. Calculate the greatest common factor of 145 and j.
5
Let k(f) = 11*f**2 + 16*f + 86. Let x(t) = 2*t**2 - 1. Let v(h) = -k(h) + 6*x(h). Let n be v(-6). What is the highest common divisor of 220 and n?
20
Suppose 0 = -o - 3*o + 128. Suppose -12 = 50*c - 51*c. What is the highest common factor of c and o?
4
Let a = -35417 + 54475. What is the highest common factor of 52 and a?
26
Suppose 0 = -2*l + 5 + 5. Let f(h) = 6*h**2 - 6*h + 10. Let k be f(l). Let p be (-158)/(-6) + (-6)/18. Calculate the highest common divisor of k and p.
26
Let l = -86 + 88. Suppose 4 = u, a + 5 = 3*u + l*u. What is the highest common divisor of 255 and a?
15
Let s = 122 - -22. Suppose 68*y - 3232 = -33*y. What is the greatest common divisor of s and y?
16
Suppose 4*z = 170 - 54. Suppose 335 - 90 = 5*h - 5*c, h + 3*c = z. Suppose -5*f - 19*f = -6*f - 594. What is the highest common divisor of f and h?
11
Suppose 7*b - 37 = 40. Suppose b*g + 6 + 5 = 0. Let p be -3 - ((3 - g) + (-5 - 38)). What is the greatest common factor of 180 and p?
36
Suppose -610 = -0*a - 2*a. Suppose 0 = 8*f + a - 985. Calculate the highest common divisor of f and 51.
17
Let q = -263 - -246. Let f be (16 - -52)/q*3/(-2). Calculate the greatest common factor of f and 1002.
6
Let g be 102/(-1479) + (-27)/29. Let q be (-2)/4*(2 + -8). Let f be 2/2*20/(q + g). What is the greatest common factor of f and 50?
10
Suppose 0 = 78*t + 164*t + 26*t - 446488. Calculate the highest common divisor of t and 68.
34
Let k(n) = 2*n**2 - 5*n - 4. Suppose 5*b - 28 = -3. Let f be k(b). What is the greatest common divisor of f and 9?
3
Suppose 0 = 2*z - 5*w + 15 - 350, 0 = 5*z + w - 824. Suppose -g = 10*g - z. Calculate the greatest common divisor of 5 and g.
5
Let f = 10 - 6. Suppose -f*x + 163 = -509. Suppose -1848 = 873516*v - 873593*v. What is the greatest common divisor of x and v?
24
Let k = -3262 - -3605. What is the greatest common factor of k and 21?
7
Let a be 5 + 0 - (1 - -15). Let j = 47 - a. Calculate the greatest common factor of j and 522.
58
Let i(l) = -l**3 + 35*l**2 - 145*l - 115. Let j be i(30). Calculate the greatest common factor of 77 and j.
7
Suppose -36 = -2*n - 2. Suppose -6 = -s - q, -2*s + 4*s + q = n. Suppose 0 = -3*m - a + 64, -2*m = -a - s - 35. What is the greatest common factor of m and 66?
22
Suppose 5*j - z = 5 + 12, -3*j - 2*z = -5. Suppose -2*w - 2*f + 8 + 20 = 0, 3*w - j*f - 24 = 0. Calculate the highest common divisor of 33 and w.
11
Let q be (5/(-9))/((-81)/10206). Let u(p) = p**3 - 2*p**2 + p. Let n be u(5). Calculate the highest common factor of n and q.
10
Let y(q) = -22*q + 11. Let v(d) = -d - 1. Let o(u) = v(u) + y(u). Let t be o(3). Let w be t*(-5)/7 + 2/(-14). Calculate the greatest common factor of 105 and w.
21
Suppose o - o = -6*o. Suppose o = -6*w + 3*w + 6. Suppose w*q - 35 = -0*q - 3*x, -5*q - 5*x + 90 = 0. Calculate the highest common divisor of 76 and q.
19
Let j be (-46)/(-437) + (-528)/(-38). Suppose 43 + 28 = o + v, 4*o - v - 279 = 0. What is the greatest common divisor of j and o?
14
Let d(q) = -9*q - 6. Let k be d(-5). Suppose -5*p - 99 = -114. Suppose -o + 124 = a + k, -5*a + 385 = -p*o. Calculate the greatest common factor of 32 and a.
16
Suppose 3*m + 429 = 3*p, -2*p = -0*p + 3*m - 271. Let b be 2 + 75 + (-1757)/251. Calculate the greatest common factor of b and p.
70
Suppose 31*u = 23*u + 208. Suppose 5*j = -3*a + u, 28 = j - 4*a + 9. What is the greatest common divisor of 63 and j?
7
Suppose 21*i - 25*i - 4*d + 948 = 0, 4*i - 4*d - 972 = 0. What is the highest common factor of 768 and i?
48
Let c(t) = -516*t**3 + 54*t**2 + 5*t + 4. Let k be c(-2). What is the highest common divisor of k and 27?
9
Suppose -4*c + 202 = 62. Suppose -25*u + 65 = -c. What is the highest common factor of 28 and u?
4
Suppose 4*a - 10 - 31 = 71. What is the highest common factor of a and 52?
4
Let d(s) = -s**2 + 139*s - 169. Let l be d(76). Calculate the highest common factor of l and 31.
31
Suppose q = 4*q - 12, -4*m + 5*q - 1880 = 0. Let d = -455 - m. Calculate the greatest common factor of d and 970.
10
Suppose -u - 22465 = -217*u + 53135. What is the greatest common factor of 4400 and u?
50
Suppose 139 = 12*z - 161. Let x be 1*(1 + -11)/((-2)/85). Calculate the highest common factor of z and x.
25
Let s be 21/1*(-6)/(-7). Let w = 65 + -62. Suppose 12 = -4*k, -w*r + 5*k + 33 = -r. Calculate the greatest common divisor of s and r.
9
Let u = -8560 - -5912. Let j be 4 + (12/(-3))/(16/u). Calculate the greatest common factor of 18 and j.
18
Let h = 4442 + -1252. What is the greatest common divisor of h and 1160?
290
Let w = -102 + 104. Suppose 4*n = w*h + 676, h + 167 = -n + 2*n. What is the highest common factor of 19 and n?
19
Let k(g) = -4*g - 23. Let p be k(-19). Suppose p*q - 216 = 47*q. Calculate the highest common factor of 72 and q.
36
Let g(k) = 2*k + 4. Let v(h) = -h - 2. Let d(u) = 2*g(u) + 5*v(u). Let l be d(-7). Suppose -l*y = -11 - 4. What is the highest common factor of 3 and y?
3
Let t = 56 + -58. Let u(o) = 2*o**2 + 4*o + 3. Let b be u(t). Suppose 3*f = b + 6. Calculate the highest common factor of f and 24.
3
Let x(b) = b**3 + 95*b**2 - 5*b - 339. Let c be x(-95). What is the greatest common divisor of 1853 and c?
17
Suppose a + 3 = -5*z, 5*z + 5*a + 15 = -0*a. Let v be z/((-2)/(2/(-1))). Suppose v*k - 5*k = -210. Calculate the highest common factor of 6 and k.
6
Suppose -1 + 34 = 11*n. Suppose -n*u - 5*q + 929 = -4*q, 3*u - 909 = 3*q. Calculate the greatest common factor of u and 44.
44
Let n be (-49)/(-63) + (-2)/(-9) + 3. Suppose -68 = -0*r - r. Calculate the highest common divisor of r and n.
4
Let u(a) = -106*a + 1381. Let k be u(13). Calculate the greatest common factor of k and 1059.
3
Suppose -16*g - 470 + 598 = 0. Suppose 0*u + u = -4*f + 76, 0 = u - f - 51. What is the greatest common factor of u and g?
8
Let s = 9282 - 8931. What is the greatest common factor of s and 39?
39
Let g be (-20)/8*-374*(2 - (-56)/(-40)). Calculate the highest common divisor of g and 136.
17
Let z be -10*24/(-10)*1 - 0. Let t be 3/(((-6)/20)/((-18)/5)). Calculate the highest common divisor of t and z.
12
Let n(j) = 9*j**2 - 9*j + 3. Let x be n(1). Suppose 5*l = -5*m - 43 + 413, 54 = m - x*l. Calculate the highest common factor of 9 and m.
3
Let p be (-465)/(-124)*(14/(-6) - -5). Let z = 8 - 3. What is the greatest common factor of z and p?
5
Suppose 4*c + h = 381, c - 109 + 15 = h. Calculate the highest common factor of 8455 and c.
95
Suppose 4*z + 200 = 5*y, 0 = 11*y - 15*y + 6*z + 160. Calculate the greatest common divisor of y and 4220.
20
Let p = 7 + 4. Suppose 8*d - 4*d - 8 = 0. Let m be (-3 + d - 0)*(-1)/1. What is the highest common divisor of p and m?
1
Let s(r) = r**2 + 225*r - 194. Let d(u) = -u**2 - 112*u + 96. Let a(h) = -5*d(h) - 2*s(h). Let z be a(-38). What is the highest common divisor of z and 510?
30
Let t be (-5)/(5/6) + 949888/328. What is the highest common factor of 340 and t?
170
Let d = 16792 - 11439. What is the greatest common factor of 371 and d?
53
Let o be (-3)/6*6 + 194. Suppose 6*w - o - 25 = 0. Suppose -13*t + w = -12*t. What is the highest common divisor of t and 90?
18
Let j be (-6)/48*4*-32. Suppose 0 = -0*q - q - 192. Let h be 21*-1*q/28. Calculate the greatest common fact